52.
2, 41, 67
What are the prime factors of 13585?
5, 11, 13, 19
What are the prime factors of 8816?
2, 19, 29
What are the prime factors of 122?
2, 61
What are the prime factors of 2622?
2, 3, 19, 23
List the prime factors of 4683.
3, 7, 223
List the prime factors of 1539.
3, 19
List the prime factors of 5395.
5, 13, 83
What are the prime factors of 13940?
2, 5, 17, 41
What are the prime factors of 15845?
5, 3169
List the prime factors of 31654.
2, 7, 17, 19
What are the prime factors of 155?
5, 31
What are the prime factors of 37927?
17, 23, 97
What are the prime factors of 36912?
2, 3, 769
List the prime factors of 843.
3, 281
List the prime factors of 983.
983
What are the prime factors of 117151?
193, 607
What are the prime factors of 14118?
2, 3, 13, 181
List the prime factors of 9222.
2, 3, 29, 53
What are the prime factors of 297?
3, 11
List the prime factors of 33547.
33547
List the prime factors of 6904.
2, 863
What are the prime factors of 26680?
2, 5, 23, 29
List the prime factors of 311.
311
What are the prime factors of 1884?
2, 3, 157
What are the prime factors of 45978?
2, 3, 79, 97
What are the prime factors of 9292?
2, 23, 101
What are the prime factors of 1367?
1367
List the prime factors of 2764.
2, 691
List the prime factors of 717.
3, 239
List the prime factors of 57597.
3, 73, 263
List the prime factors of 6296.
2, 787
List the prime factors of 28813.
28813
What are the prime factors of 2198?
2, 7, 157
List the prime factors of 66577.
7, 9511
What are the prime factors of 17408?
2, 17
List the prime factors of 19301.
19301
List the prime factors of 797.
797
List the prime factors of 1653.
3, 19, 29
List the prime factors of 394.
2, 197
List the prime factors of 642.
2, 3, 107
List the prime factors of 129558.
2, 3, 11, 13, 151
List the prime factors of 283.
283
List the prime factors of 60.
2, 3, 5
What are the prime factors of 2008?
2, 251
What are the prime factors of 2173?
41, 53
List the prime factors of 6428.
2, 1607
What are the prime factors of 112096?
2, 31, 113
What are the prime factors of 31976?
2, 7, 571
List the prime factors of 49543.
13, 37, 103
List the prime factors of 6023.
19, 317
What are the prime factors of 32865?
3, 5, 7, 313
List the prime factors of 3445.
5, 13, 53
What are the prime factors of 913?
11, 83
What are the prime factors of 6089?
6089
What are the prime factors of 33466?
2, 29, 577
What are the prime factors of 51620?
2, 5, 29, 89
What are the prime factors of 142104?
2, 3, 31, 191
What are the prime factors of 4949?
7, 101
List the prime factors of 4125.
3, 5, 11
What are the prime factors of 163779?
3, 7, 11, 709
List the prime factors of 8227.
19, 433
List the prime factors of 5500.
2, 5, 11
What are the prime factors of 39635?
5, 7927
What are the prime factors of 68404?
2, 7, 349
List the prime factors of 7990.
2, 5, 17, 47
What are the prime factors of 22977?
3, 23, 37
List the prime factors of 1783.
1783
List the prime factors of 2381.
2381
What are the prime factors of 20791?
17, 1223
What are the prime factors of 6132?
2, 3, 7, 73
What are the prime factors of 3860?
2, 5, 193
What are the prime factors of 2172?
2, 3, 181
List the prime factors of 15142.
2, 67, 113
List the prime factors of 59954.
2, 31, 967
What are the prime factors of 25750?
2, 5, 103
List the prime factors of 57823.
53, 1091
What are the prime factors of 89?
89
List the prime factors of 25805.
5, 13, 397
What are the prime factors of 7042?
2, 7, 503
List the prime factors of 2982.
2, 3, 7, 71
What are the prime factors of 7626?
2, 3, 31, 41
What are the prime factors of 1984?
2, 31
List the prime factors of 1299.
3, 433
List the prime factors of 16324.
2, 7, 11, 53
List the prime factors of 77055.
3, 5, 11, 467
List the prime factors of 20348.
2, 5087
What are the prime factors of 23130?
2, 3, 5, 257
What are the prime factors of 1846?
2, 13, 71
List the prime factors of 866.
2, 433
List the prime factors of 1730.
2, 5, 173
List the prime factors of 85544.
2, 17, 37
What are the prime factors of 31302?
2, 3, 37, 47
List the prime factors of 1958.
2, 11, 89
List the prime factors of 3731.
7, 13, 41
What are the prime factors of 54791?
11, 17, 293
What are the prime factors of 1908?
2, 3, 53
What are the prime factors of 31446?
2, 3, 1747
What are the prime factors of 66628?
2, 16657
What are the prime factors of 1707?
3, 569
What are the prime factors of 4289?
4289
What are the prime factors of 19301?
19301
List the prime factors of 20205.
3, 5, 449
List the prime factors of 17853.
3, 11, 541
What are the prime factors of 1077?
3, 359
List the prime factors of 618.
2, 3, 103
What are the prime factors of 387?
3, 43
List the prime factors of 25610.
2, 5, 13, 197
List the prime factors of 28208.
2, 41, 43
What are the prime factors of 2009?
7, 41
List the prime factors of 17368.
2, 13, 167
What are the prime factors of 1697?
1697
What are the prime factors of 577?
577
List the prime factors of 193.
193
List the prime factors of 44486.
2, 13, 29, 59
What are the prime factors of 10716?
2, 3, 19, 47
List the prime factors of 1326.
2, 3, 13, 17
What are the prime factors of 796?
2, 199
List the prime factors of 3624.
2, 3, 151
What are the prime factors of 74097?
3, 8233
List the prime factors of 42742.
2, 7, 43, 71
List the prime factors of 59613.
3, 31, 641
List the prime factors of 352.
2, 11
What are the prime factors of 3669?
3, 1223
What are the prime factors of 2695?
5, 7, 11
What are the prime factors of 20?
2, 5
What are the prime factors of 53264?
2, 3329
List the prime factors of 1176.
2, 3, 7
What are the prime factors of 396?
2, 3, 11
List the prime factors of 313.
313
What are the prime factors of 14824?
2, 17, 109
List the prime factors of 7344.
2, 3, 17
List the prime factors of 1424.
2, 89
List the prime factors of 365.
5, 73
List the prime factors of 5105.
5, 1021
List the prime factors of 15025.
5, 601
What are the prime factors of 5671?
53, 107
List the prime factors of 15069.
3, 5023
List the prime factors of 26321.
26321
List the prime factors of 37273.
37273
List the prime factors of 18363.
3, 6121
List the prime factors of 5090.
2, 5, 509
What are the prime factors of 183366?
2, 3, 61, 167
What are the prime factors of 5379?
3, 11, 163
What are the prime factors of 127?
127
What are the prime factors of 123550?
2, 5, 7, 353
What are the prime factors of 176693?
11, 16063
List the prime factors of 38694.
2, 3, 6449
List the prime factors of 719.
719
What are the prime factors of 7901?
7901
What are the prime factors of 1032?
2, 3, 43
List the prime factors of 14543.
14543
List the prime factors of 4030.
2, 5, 13, 31
What are the prime factors of 55190?
2, 5, 5519
What are the prime factors of 2394?
2, 3, 7, 19
What are the prime factors of 12581?
23, 547
What are the prime factors of 4983?
3, 11, 151
List the prime factors of 138968.
2, 29, 599
What are the prime factors of 1423?
1423
List the prime factors of 31869.
3, 3541
List the prime factors of 4944.
2, 3, 103
List the prime factors of 13113.
3, 31, 47
List the prime factors of 79488.
2, 3, 23
List the prime factors of 68382.
2, 3, 29, 131
What are the prime factors of 2031?
3, 677
List the prime factors of 4721.
4721
What are the prime factors of 46178?
2, 11, 2099
What are the prime factors of 41189?
41189
What are the prime factors of 24743?
109, 227
What are the prime factors of 2847?
3, 13, 73
List the prime factors of 749.
7, 107
What are the prime factors of 91439?
61, 1499
What are the prime factors of 21948?
2, 3, 31, 59
What are the prime factors of 1974?
2, 3, 7, 47
List the prime factors of 33529.
33529
What are the prime factors of 33888?
2, 3, 353
What are the prime factors of 1431?
3, 53
What are the prime factors of 1906?
2, 953
What are the prime factors of 10409?
7, 1487
List the prime factors of 104095.
5, 109, 191
List the prime factors of 22097.
19, 1163
List the prime factors of 2358.
2, 3, 131
What are the prime factors of 315?
3, 5, 7
List the prime factors of 6.
2, 3
List the prime factors of 393.
3, 131
What are the prime factors of 1280?
2, 5
List the prime factors of 1068.
2, 3, 89
What are the prime factors of 3904?
2, 61
List the prime factors of 16458.
2, 3, 13, 211
List the prime factors of 5288.
